is p(h)?
0
Let g be 12 + 4 + -6 + -6. Let a(j) be the second derivative of j**3/3 - 3*j**2/2 - j. What is a(g)?
5
Let v(i) = -i**3 + 3*i**2 + i + 1. Suppose 4*r - 5*m - 38 = 0, 5*m = 2*r - 10 - 14. Let k be 2/2 + (r - 4). Give v(k).
-11
Let u = 27 + -39. Let s be u/8*(-2 - 0). Let a(k) be the second derivative of k**3/3 - k**2 - k. What is a(s)?
4
Let m(n) be the first derivative of -n**2/2 + 3*n - 1. Let b be 4*5/120*42. Determine m(b).
-4
Let r(v) = -4*v**2 + 5*v. Let n(j) = -7*j**2 + 11*j. Let h(z) = -3*n(z) + 5*r(z). What is h(9)?
9
Let l(b) = 0*b**3 + 0*b**2 + b**3 + 4*b**2 + 3*b. Let g be l(-3). Suppose 4*a - 5*u + 9 = a, -2*u = g. Let c(p) = p**3 + 3*p**2 - p - 4. What is c(a)?
-1
Let d(p) be the third derivative of -5*p**4/24 + p**3/6 - 2*p**2. Let q(x) = 26*x - 6. Let h(g) = -11*d(g) - 2*q(g). Give h(1).
4
Suppose 2*t + 2*t - 24 = 0. Let f(z) = 2*z - 7. Let s be f(t). Let m(d) = 8*d - 17. Let h(g) = 3*g - 6. Let k(w) = -11*h(w) + 4*m(w). Give k(s).
-7
Let i be 5*(16/10)/4. Let q be 3 + -3 + i - -2. Let c(z) = z + 1. Determine c(q).
5
Let n be (4 - 6)*(-3)/(-2). Let s(g) = g**3 + 3*g**2 + 2*g + 4. Let b be s(n). Let z(a) = a**3 - 3*a**2 - 4*a - 3. Determine z(b).
-15
Let u(m) = -23 + m**2 + 20 - 2*m**2 - m. Determine u(0).
-3
Let j(f) = -12*f**2 + f - f**2 + 3 + 19*f**2 - f**3 + 0*f**3. What is j(6)?
9
Let w = -6 + 2. Let m(i) = 7*i - 8. Let v(l) = 6*l - 7. Let o be 9/2 + (-2)/(-4). Let c(n) = o*v(n) + w*m(n). Calculate c(4).
5
Suppose 3*r = 3*o, -2*r - 3*o - 3 = -8. Suppose -3 = -n - r. Let d(z) = -3*z**2 + 2*z + 2. What is d(n)?
-6
Suppose 1 - 5 = s. Let m = 3 + s. Let q(a) = -11*a**2. Let c(u) = -60*u**2. Let d(f) = 5*c(f) - 28*q(f). Determine d(m).
8
Let p(v) = 4*v + 2. Let t = 165 + -168. What is p(t)?
-10
Let g(y) = -2*y**2 + 2*y - 6. Let r(p) = -p**2 + 3*p - 7. Let v(k) = -2*g(k) + 3*r(k). Determine v(-7).
5
Let c be -4*(0 + 3/(-6)). Let r(m) = -2*m + 3*m**2 - 4*m**2 + 0*m**c - 1. Determine r(-4).
-9
Let k(c) = -c**3 - 9*c**2 - 8*c + 2. Suppose 5*s + 38 + 2 = 0. What is k(s)?
2
Let l(z) be the third derivative of z**9/60480 - z**8/3360 + z**7/1680 + z**6/120 - z**5/15 + 2*z**2. Let n(k) be the third derivative of l(k). Determine n(5).
-4
Let l(j) = -j - 4. Let z(p) = -p**3 + 5*p**2 + 9*p - 4. Let q be z(6). Let n = 8 - q. Let c = 1 + n. Determine l(c).
1
Let d(u) = 2 + u + 2 - 2. Let z be d(-5). Let x(t) = 0 + t - 7 + 4. Determine x(z).
-6
Let y(u) be the second derivative of -1/12*u**4 + 1/20*u**5 - u**2 + 0 + 11*u - 1/6*u**3. What is y(0)?
-2
Let m(n) = 5*n - 10 - 3*n - n. Let p = 248 + -248. What is m(p)?
-10
Suppose 2*f - 12 = -2. Let v be (-8)/(-6)*3/2. Let k(z) = 7 + 2 - v*z - 3. Give k(f).
-4
Let q(k) = k**2 + 6*k + 7. Let v(o) = 6*o - 12. Let y be v(5). Suppose 0*b - 3*b = z + y, -4*b - 24 = z. Determine q(b).
7
Let n(z) = -z**2 - z + 4. Let m(a) = -a**2 + 10*a + 4. Let f be m(10). Suppose -f*k + 4 = 16. What is n(k)?
-2
Let u = -5 + 9. Let c(k) be the third derivative of k**6/120 - k**5/12 + k**4/4 - 5*k**3/6 + 7*k**2. Determine c(u).
3
Let g(o) be the second derivative of -o**4/12 + 7*o**3/6 - 7*o**2/2 - o. Let d(p) = -p - 9. Let i be d(0). Let q be 3/i - 32/(-6). Calculate g(q).
3
Let w(i) be the first derivative of i**3/3 + 7*i**2/2 - 15. What is w(-6)?
-6
Suppose -5*k + 4 = 5*q - 11, 0 = -5*k - 4*q + 18. Let p(z) be the third derivative of -z**4/24 + 2*z**3 - z**2. Calculate p(k).
6
Let a(f) = 6*f**3 + 10*f**2 - 2. Let o(k) = 7*k**3 + 11*k**2 - k - 2. Let p(c) = 6*a(c) - 5*o(c). Suppose 0 = 3*l + b + 10, -3 - 3 = -3*b. What is p(l)?
-6
Let a = 8 + -5. Let p(r) = -5*r. Let x(i) = 6*i. Let v(h) = 7*p(h) + 6*x(h). Calculate v(a).
3
Let v = -24 - -24. Let l(w) = w - 1. Determine l(v).
-1
Let p(r) = -r**2 + 8*r + 3. Let v be p(8). Suppose v = -3*g, s + g + 16 = 4*s. Suppose s*f - 5 = 4*f. Let a(t) = t**3 - 5*t**2 + t + 1. Determine a(f).
6
Let i(g) be the first derivative of 11*g**3/3 - g + 15. Calculate i(1).
10
Let l(h) = -h**2 - 6*h - 2. Let d be l(-5). Let b(r) = -r**3 + 2*r**2 + 3*r - 1. Determine b(d).
-1
Let n(p) = -p**3 + 6*p**2 - 3*p - 3. Let k(t) = 5*t - 5. Let u be k(2). Calculate n(u).
7
Let r(w) = -6*w - 2. Let z(y) = -y - 1. Let v(g) = -r(g) + 3*z(g). Suppose 3*t = 3*d - 6, -16 = -t - 0*d - 5*d. Calculate v(t).
2
Let b(s) = -6*s**2 - 2*s + 1. Let c(v) = -v**3 + 8*v**2 + 9*v + 6. Let n be c(9). Let x = n + -5. Calculate b(x).
-7
Let o(t) be the second derivative of 3/2*t**2 + 1/3*t**3 + 0 - 2*t. Calculate o(-3).
-3
Let a(i) be the first derivative of -1/2*i**4 - 2 + 1/3*i**3 - 2*i + 1/2*i**2. Determine a(2).
-12
Let d(a) = a**2 + 4*a - 1 + 0*a**2 - 5*a**2 - 3*a. Suppose -12 = -2*j - 2. Suppose -2*p + j*p - 3 = 0. Give d(p).
-4
Let x(d) = -2*d**3 - 4*d - 9*d**2 - 14 - 2 - 1 - 6*d**2. Let i(u) = u**3 + 8*u**2 + 2*u + 9. Let l(g) = 5*i(g) + 3*x(g). Calculate l(-5).
4
Let k(j) = 1. Let c(y) = y - 2. Let s(o) = -c(o) + 2*k(o). What is s(-6)?
10
Let d = -3 - -7. Suppose 3*k = -k - 5*y - 17, 5*y + 25 = 0. Let l(j) = 5*j**2 + 7*j - 21. Let m(w) = w**2 + 2*w - 5. Let u(h) = k*l(h) - 9*m(h). What is u(d)?
3
Let a(d) = -d**2 + 8*d + 6. Let h(f) = 6*f**2 - 41*f - 30. Let r(m) = 11*a(m) + 2*h(m). Let p be ((-624)/27)/4 - 4/18. Calculate r(p).
6
Let h(y) = y**2 + 2*y - 1. Let z(f) = -4 + 2*f + 6 - 3*f - 37*f**2 + 38*f**2. Let x be z(0). Give h(x).
7
Let z(g) = -21*g - 10. Let l(w) = -7*w - 3. Let n(m) = 7*l(m) - 2*z(m). Let y = 0 - 1. What is n(y)?
6
Let v(w) = w**2 - 1 + 1 - 4 + 3*w. Calculate v(-3).
-4
Suppose 6 - 2 = 2*g. Suppose 4*l - g*h + 8 = 0, l - 2 + 4 = 5*h. Let p(i) = -4*i + 2. Calculate p(l).
10
Let a(h) be the second derivative of -h**5/20 + h**4/2 + 4*h**3/3 + 3*h**2/2 - 3*h. Give a(7).
10
Suppose 2*f = -4*d - 0*f - 10, -4*f = 2*d + 2. Let l(r) = -r**3 + 0 - 4 - 5*r + 2*r**2 + 2*r**3. Determine l(d).
2
Let m be 3/(1/4*-3). Let n be 1 - (4/2)/(-2). Let r(p) = p - p**n - 4*p - 16 + 20. Give r(m).
0
Let q(n) = n**2 - 5*n + 4. Suppose -20 = 2*z + 2*z, -3*x + 3*z = -60. Let j(g) = -g. Let c be j(-2). Suppose 3*u - x = -c*u. Give q(u).
-2
Suppose 2 = -2*m + 4. Let y = 2 + m. Let f be ((-7)/y - -1)*-3. Let p(k) = -k - 2. Determine p(f).
-6
Suppose 25 = -5*p + 10*p. Let v(r) = -r**2 + 5*r + 6. What is v(p)?
6
Let b(u) be the third derivative of u**4/24 - u**2. Let x be b(-6). Let d(o) = -o**2 - 11*o - 10. Let z(m) = m + 1. Let j(l) = -d(l) - 3*z(l). Determine j(x).
-5
Let t(i) = i**3 + 7*i**2 + 5*i + 2. Suppose -f + w - 3*w - 8 = 0, 0 = -5*f + 4*w - 26. Determine t(f).
8
Let a be (-18)/(-27) + (-1)/(-3). Let j(l) = -15*l**3 - l. Give j(a).
-16
Let q(h) = h**3 - h**2 + h + 3. Let y(z) be the third derivative of z**5/60 - z**4/8 - 2*z**3/3 - 2*z**2. Let k = 15 - 11. Let r be y(k). Determine q(r).
3
Let q(u) = -u**3 - 7*u**2 - 2*u + 7. Suppose 3*b - b + 7 = -5*k, -3*k = -3. What is q(b)?
-17
Suppose 0 = 5*f - 3*b + 18 + 7, -f - 5*b - 5 = 0. Let h(m) = -m**2 - 5*m + 2. Determine h(f).
2
Let g(q) = -2*q. Let r(m) = m + 3. Let n be r(-3). Let h = n + 1. What is g(h)?
-2
Let p = 25 + -28. Let x(q) = q**3 + 3*q**2 + 3*q + 4. Calculate x(p).
-5
Let i be 51/1 - 2/(-1). Let u(o) = -27 + 4*o**2 + 2*o**3 - 25 + i + 3*o. Give u(-2).
-5
Let g(t) be the second derivative of t**3/2 + 3*t**2 - 5*t. Calculate g(-4).
-6
Let o = 3 + -6. Suppose -3*q = -5*i + 1, -3*i + 25 = 5*q + 2*i. Let j(w) = -1 + 4 + 2 + 3*w + w**2 - q. What is j(o)?
2
Let n(f) be the first derivative of -f**2 + 17*f - 10. What is n(12)?
-7
Let d = 8 + -14. Let p(l) = -12*l**2 - 6*l - 20. Let v(m) = -4*m**2 - 2*m - 7. Let z(k) = d*p(k) + 17*v(k). Determine z(-1).
3
Let t(l) = -l**2 - 12*l - 1. Let x be t(-12). Let s(d) = d - 1. Determine s(x).
-2
Let b(u) = -2*u**2 + 1. Let n be 4/6*-1*(-4 + 1). Give b(n).
-7
Let z(b) = 4*b + 2. Let g be (-3)/(-1 - -4) - -1. Suppose -4*u + 3*o = -o + 8, g = -3*o. Give z(u).
-6
Suppose -7*v - 5*j = -3*v - 17, -5*j = -v - 2. Suppose i = q - 2*i - 33, 3*q + 4*i = 60. Let y(s) = q - 6 + s - 8 - 13. What is y(v)?
0
Let j(h) = -h - 5 + 2 + 5*h. Let i = -5 + 2. Let k be i/5 - (-13)/5. Determine j(k).
5
Let a(j) be the first derivative of 1/6*j**3 - 1/12*j**4 - 3/10*j**5 + 0*j**2 - 2*j - 2. Let r(q) be the first derivative of a(q). Calculate r(1).
-6
Let a(g) = -3*g - 3. Let z be (6/9)/(6/(-99)). Let f = z + 9. Determine a(f).
3
Let n(o